?
116
148 + -123 + (-106 - (4 - 16))
-69
Evaluate -12 + 7 + 10 + -62 + 25.
-32
What is the value of -3 - (4 + 20 + -25 - -7)?
-9
71 + -44 - 47 - (-3 + -19) - 123
-121
-91 - (6 + (19 - 24) - (1 + 17))
-74
What is 288 + -250 + (-9 - ((1 - 0) + -5))?
33
What is the value of 6 + 2 + -1 + 9 + 8 + -14 + 57?
67
What is the value of -13 - -37 - -32 - 73?
-17
(25 - 138 - -109) + (-6 - 1 - -1)
-10
Calculate 7 - 13 - (-6 + (0 - 0) + -3) - -68.
71
What is 10 - (-7 - -21 - -17) - 2?
-23
What is -23 - (-3 + -1 + 2 - -7)?
-28
Calculate (-1 - 7) + 3 + 53 + -21.
27
What is the value of (-8 - (1 + -12)) + 4 - (112 + -4 - 2)?
-99
Evaluate (-22 - -50) + (-4 - 50).
-26
Evaluate (-31 - 2) + (-7643 - -7665).
-11
-4 - ((20 + -19 - -25) + -25)
-5
What is the value of (-38 - 8 - -12) + 13 + -87 + 67?
-41
Calculate 2 - 3 - (-65 + 51) - (4 + -62).
71
Evaluate -7 + -1 + -2 + -41 + 117 - 9.
57
15 - ((15 - 1) + -25 + 12)
14
Evaluate -3 - (-7 + 5 + -60) - ((41 - 22) + -26).
66
What is the value of (4 - 4 - (-20 + 19 + 4)) + 14?
11
What is the value of -15 - (-55 + 65 + 48)?
-73
Evaluate 5319 - 5204 - (60 - -1).
54
What is (19 - 28 - -9) + -2 + 14?
12
What is -70 + (9 + (-63 - -28) - -18)?
-78
(9 - 32) + 9 + -5 + -9 + 143
115
What is (4 - 2) + 2 + (-12 - (-13 + -1)) + 24?
30
What is -49 + -11 + 6 + 14?
-40
Evaluate 0 + (19 - 6 - (-3 + -7 + 57)).
-34
Calculate -40 + (74 - -52) - 155.
-69
What is 23 + (-64 - (-22 + -12)) - (0 + -1 - -25)?
-31
-47 - (6 + (23 + -27 - (2 - -3)))
-44
What is (-10 - ((0 - 2) + -4)) + (-1011 - -1071)?
56
Calculate 8 + (20 - 64) + 40.
4
What is -7 + 10 + (2 - -2) - (-204 - -246)?
-35
What is the value of 84 + 3 + 7 + -5 + -7 - (36 + -31)?
77
Evaluate 49 - (50 - 9 - (-2 - -23)).
29
-74 + (0 - -1) + (46 + -15 - 22) + -8
-72
(1 + (-6 - -2) + 2 - -6) + (3404 - 3446)
-37
What is (29 - 32) + -42 + 95?
50
Calculate 10 - (20 + 11 + -136) - (-5 - -3).
117
Evaluate (-12 - -118) + 29 + -96.
39
50 + -13 - ((5 - -17) + 29)
-14
What is the value of 35 + 58 + -79 + -64?
-50
5 + -18 + -2 + 1 + (147 - (-16 - -68))
81
What is -36 - (11 + -28) - (-75 - -12)?
44
Evaluate -255 + 131 - -108 - (2 + -25 + 1).
6
-31 + (-68 - -31) + 23
-45
What is (-1 - -14) + 35 + (-23 - -13) + 53?
91
-112 + (-130 - -47) + 139
-56
Evaluate 37 + -16 - (-40 + 97).
-36
Calculate -2 + -4 + 13 + 19 - -36.
62
-12 + 8 + 6 - -47
49
What is the value of 52 + 31 + (-19 - 6)?
58
What is -69 + (142 - 60) - -1?
14
(-4 - -4) + -11 + 17 + 2 + -5 - -9
12
What is (33 + 7 + 13 - 15) + 5?
43
23 + -3 + (50 - (26 - -19))
25
Evaluate -24 - (-23 - (34 + -64)).
-31
What is the value of (8 + -5 - -28) + -35?
-4
Evaluate -6 - -3 - -10 - (1 + 23 + -41).
24
What is -105 + 205 + -67 + (2 - 84)?
-49
(128 + -26 - 252) + 227
77
What is 6 + (-31 + 20 - -155) + (-23 - -5)?
132
What is (-17 - (-48 + 13)) + (-24 - -18)?
12
Calculate (-5 - -5) + (-5 + 6 + 16 - 6).
11
(-17 - -12 - 4) + 4 - -45
40
(55 + -72 - 34) + (-7 - 0 - -2)
-56
What is 0 + -12 - ((-105 - 17) + 39)?
71
What is -3 + -8 + (52 - 31) + -19 + -57 + 0?
-66
Evaluate (170 - 134) + -70 + 127.
93
Calculate 9 + -1 + (3 - 6) + -34 + 3 + 4.
-22
Evaluate -132 + 172 + -9 + -59 - -100.
72
What is the value of -77 + -24 - -243 - 162?
-20
37 - (-161 + 81) - (27 + 7)
83
What is the value of 44 - (23 + 73) - -52?
0
Calculate (-110 + -86 - -231) + (0 - (0 + 12)).
23
What is -45 - (26 - 61) - -11?
1
Calculate (1 - -51) + -1386 + 1339.
5
Calculate -2089 + 2088 + (-2 + 1 - 20).
-22
What is the value of 0 - -2 - 3 - (559 - 558)?
-2
9 + 10 + -63 + 2 + 16
-26
Calculate 58 - ((69 - 48) + -27).
64
Calculate (6 - -6) + (-13 - (-16 - (-19 + 9 + -8))).
-3
What is the value of (83 + 36 - 207) + 100?
12
What is -27 + 179 + 10 + -83?
79
What is the value of 28 + 25 - 32 - (2 - 101)?
120
What is the value of -35 - (-1 + 3 + -5) - (289 - 295)?
-26
Calculate 802 + -821 - (3 - -26).
-48
What is the value of (69 + -131 - -239) + -55?
122
Calculate (4 - 0) + (4 - -20 - -4 - 12).
20
What is the value of 28 + (-34 - -28) + -38 - -7?
-9
35 + 41 + -169 + 22 + -18
-89
Calculate (192 - 169 - (0 - -28)) + 4 + (-1 - -4).
2
What is -125 + 7 + -8 + 29 + -52 + 18?
-131
Calculate (6 - (-54 + 57)) + (0 - 16) + (-12 - -19).
-6
Calculate 4 - (-7 - (-6 - -7) - (27 + 3 + 3)).
45
What is the value of (-27 - -13) + (-15 - -20)?
-9
What is 2 + 29 - (-12 + 38 + -6 - 21)?
32
Calculate -73 + (17 - -9 - (1 + 2)).
-50
Evaluate -8 + -1 - (98 + -70 + (-40 - -2)).
1
What is the value of -13 - (0 - 36 - (-5 + (15 - 22)))?
11
Evaluate (5 + -14 - -45) + -63.
-27
What is 18 + (122 - (120 + -103))?
123
What is -3 + (-3 + -48 - -6) + (-6 + 16 - 7)?
-45
Calculate -9 + -8 + -21 + (18 + -20 - (13 - 5)).
-48
-31 + -18 + -39 - -70
-18
What is the value of (3 - (8 + 23 + -16)) + (-6 - 21)?
-39
Evaluate (147 - 67) + -96 - 112.
-128
What is -93 + (-386 - -417 - (0 - -26))?
-88
-16 + (-2 - 2) + (274 - 260)
-6
What is the value of -1 + -4 + 42 + -46 + (-19 - (-23 - -16))?
-21
6 - ((-3 + 1 - 8) + 10) - -7
13
Evaluate -18 + (-5 - -30) - (12 - 2) - (40 + -2).
-41
Evaluate (3 + 0 - 39 - (705 + -703)) + -1 + 0.
-39
Calculate 1110 + -1130 + (21 - 0).
1
(-8 - 1 - (-2 + 1)) + (907 - 860)
39
0 - 2 - ((18 - 4 - 59) + 23)
20
Calculate 65 + (-46 - 82) - -55.
-8
Evaluate 139 - (-109 + (212 - -42)).
-6
Evaluate 4 - (-6 + 21) - -66 - (-5 - -7) - -6.
59
Evaluate (-3 - -13) + (-44 - (-79 + 23)).
22
Evaluate 20 + 0 - (-111 + (0 - -158)).
-27
What is the value of (-17 - -24) + 48 - 13 - -23 - -4?
69
(17 - 13) + -12 + 61 - (12 + 6 + -9)
44
3 - (-4 + 2 + 1) - (216 - 138)
-74
Calculate (-52 - -38) + -13 + 6 + 15 + (-1 - -11).
4
What is the value of -10 + -24 + 39 + 84 + (-10 - -6)?
85
What is the value of -261 + 220 + -36 + 14?
-63
What is 8 + 26 - -8 - (-155 + 60)?
137
What is 40 - (-2 + 1) - (18 + 6 + -16 + -8)?
41
Calculate (-9 - (5 - 25) - (-2 + 5)) + -2.
6
81 + (-114 - -42) + -38
-29
Calculate 1365 - 1380 - (3 - (-1 - -88)).
69
What is the value of 58 - (149 + (46 - 108))?
-29
What is the value of (-41 - -94) + -28 + (-29 - -35)?
31
-49 + (-24 + (2 - -12) - -1)
-58
What is the value of 8 + 1 + 2 + (-52 - (15 + 2 + -8))?
-50
Calculate 142 + (63 - 60) + -22.
123
Calculate -55 + 40 + (2 - (7 + -7)) + -33 - 9.
-55
What is the value of 31 - 14 - (1 - (5 - 13)) - (9 + -3)?
2
-25 - ((-32 - -17) + 12 + (-8 - (1 - 2)))
-15
10 + 81 + (-25 - (78 + -67))
55
What is the value of 19 - 83 - (-120 - -120)?
-64
Calculate (244 - 244) + 0 + 2 + -63 + -7.
-68
Calculate (-5 - -3 - (-5 + 5)) + 56 + -25.
29
(2 - 25) + (1 - -26 - 32)
-28
Evaluate (4 + (11 - 32) - (-7 - -1)) + -5 + 91.
75
What is 229 + -222 - (2 - (-1 - -1) - 33 - 2)?
40
((-3 - -2) + 7 - (38 + -25)) + (-17 - -25)
1
Evaluate 77 - (-2 - (-76 - -38)).
41
What is the value of 34 + -45 - -40 - (-7 - (-6 - -1) - 3)?
34
Evaluate (8 - 121) + (2 - (1 - 0)) + (20870 - 20856).
-98
(4 - 8) + 1 - (-3 - -19 - (-9 + 1))
-27
What is the value of (-1 - -10) + (-31 - -11) + -21 + (12 - -29)?
9
What is -13 - (78 + -33 + -17)?
-41
(-122 - 0) + (-71 + 65 - 52) + 55
-125
Calculate 3 + -4 + 4 - 15 - (-11 + 7).
-8
Evaluate (27 - 0) + (4 - 1) + 7 + -601 + 594.
30
What is -30 - (-23 + 23 + 45 + -24)?
-51
What is the value of (-36 - 64) + 109 + (12 - (2 - 4))?
23
What is the value of -36 - (-101 + 49) - (6 - (-72 + 4))?
-58
What is 2 + 0 + -40 + 26 - -5?
-7
What is (-47 - -4) + 71 - 48?
-20
Calculate (27 - (37 + 17)) + 27 + (-27 - 1).
-28
What is the value of ((4 - 1) + 4 - (-13 + -21)) + -4 + -4?
33
(54 - -7) + (-56 - 12 - -114)
107
-34 - ((-3 - -125) + 114 + -153)
-117
Evaluate -880 + 896 + (5 - -65) + 4 + 5.
95
Calculate (-29 + 7 - -8) + (-31 - 1).
-46
What is the value of 24 + -12 + 7 + (-6 - -23)?
36
Calculate (1 - (17 + -7)) + (-6 - -52).
37
119 + (-2 - (-8 - 1)) + (5 - 19) - 12
100
(-73 - -62) + (3 - 1) + (1 - 1 - -6)
-3
-23 - (10 + 14 + -61) - (1 + 65)
-52
Calculate (-19 - -18) + 23 + -14 - -8.
16
(-45 + -47 - -89) + (1 - -43)
41
Evaluate -20 + -5 + -7 + 19 + 7.
-6
What is the value of -57 - (3 + 24 + (9 - 28)) - (1 + -1)?
-65
Evaluate -51 + 20 - (-68 + -2).
39
What is 83 + -204 + 72 - 10?
-59
Calculate 1 + 19 + (56 - (122 + -68)) - -49.
71
(-63 - 1) + (-12 - (32 + -61))
-47
14 + -11 - (-2 - 6 - (-2 + 1 + 10))
20
What is the value of -6 - ((0 - -2) + -2) - (4419 - 4405)?
-20
Evaluate (-24 - -28) + (46 - -1 - (3 + (2 - 4))).
50
Eval